{"id":163,"date":"2023-03-02T06:26:02","date_gmt":"2023-03-02T05:26:02","guid":{"rendered":"https:\/\/sp7pbc.pzk.pl\/?page_id=163"},"modified":"2025-02-01T20:12:03","modified_gmt":"2025-02-01T19:12:03","slug":"strona-glowna","status":"publish","type":"page","link":"https:\/\/sp7pbc.pzk.pl\/","title":{"rendered":"Strona G\u0142\u00f3wna"},"content":{"rendered":"\n<p class=\"has-black-color has-text-color\">Witamy Na Oficjalnej Stronie Klubu SP7PBC<\/p>\n\n\n\n<hr class=\"wp-block-separator has-alpha-channel-opacity is-style-wide\"\/>\n\n\n\n<p class=\"has-black-color has-text-color\">Skierniewicki Klub Kr\u00f3tkofalowc\u00f3w SP7PBC<br>Zaprasza wszystkich zainteresowanych<br>\u0142\u0105czno\u015bci\u0105 radioamatorsk\u0105 do wsp\u00f3\u0142pracy.<\/p>\n\n\n\n<p class=\"has-black-color has-text-color\">Ka\u017cda niedziela od 10:00 do 13:00 w siedzibie Klubu.<\/p>\n\n\n\n<p class=\"has-black-color has-luminous-vivid-amber-to-luminous-vivid-orange-gradient-background has-text-color has-background\"><strong>KONTAKT:<\/strong><br>Skierniewicki Klub Kr\u00f3tkofalowc\u00f3w SP7PBC<br><strong>Ul.<\/strong> Tetmajera 5\/47<br>96-100 Skierniewice.<br><strong>E-mail<\/strong> \u2013 sp7pbc@pzk.pl<br><strong>Adres korespondencyjny :<\/strong><br>skr. pocztowa 94,<\/p>\n\n\n\n<p><strong>Lokalne przemienniki:<\/strong><\/p>\n\n\n\n<p class=\"has-black-color has-luminous-vivid-amber-to-luminous-vivid-orange-gradient-background has-text-color has-background\"><strong>SR7SC<\/strong> 439.325 MHz (118,8Hz) FM \u2013 SKIERNIEWICE<br><strong>SR7DSC<\/strong> 439,2875  MHZ DMR \u2013 SKIERNIEWICE<\/p>\n","protected":false},"excerpt":{"rendered":"<p>Witamy Na Oficjalnej Stronie Klubu SP7PBC Skierniewicki Klub Kr\u00f3tkofalowc\u00f3w SP7PBCZaprasza wszystkich zainteresowanych\u0142\u0105czno\u015bci\u0105 radioamatorsk\u0105 do wsp\u00f3\u0142pracy. Ka\u017cda niedziela od 10:00 do 13:00 w siedzibie Klubu. KONTAKT:Skierniewicki Klub Kr\u00f3tkofalowc\u00f3w SP7PBCUl. Tetmajera 5\/4796-100 Skierniewice.E-mail \u2013 sp7pbc@pzk.plAdres korespondencyjny :skr. pocztowa 94, Lokalne przemienniki: SR7SC &hellip; <a href=\"https:\/\/sp7pbc.pzk.pl\/\">Czytaj dalej <span class=\"meta-nav\">&rarr;<\/span><\/a><\/p>\n","protected":false},"author":1,"featured_media":0,"parent":0,"menu_order":0,"comment_status":"closed","ping_status":"closed","template":"","meta":[],"_links":{"self":[{"href":"https:\/\/sp7pbc.pzk.pl\/index.php?rest_route=\/wp\/v2\/pages\/163"}],"collection":[{"href":"https:\/\/sp7pbc.pzk.pl\/index.php?rest_route=\/wp\/v2\/pages"}],"about":[{"href":"https:\/\/sp7pbc.pzk.pl\/index.php?rest_route=\/wp\/v2\/types\/page"}],"author":[{"embeddable":true,"href":"https:\/\/sp7pbc.pzk.pl\/index.php?rest_route=\/wp\/v2\/users\/1"}],"replies":[{"embeddable":true,"href":"https:\/\/sp7pbc.pzk.pl\/index.php?rest_route=%2Fwp%2Fv2%2Fcomments&post=163"}],"version-history":[{"count":18,"href":"https:\/\/sp7pbc.pzk.pl\/index.php?rest_route=\/wp\/v2\/pages\/163\/revisions"}],"predecessor-version":[{"id":408,"href":"https:\/\/sp7pbc.pzk.pl\/index.php?rest_route=\/wp\/v2\/pages\/163\/revisions\/408"}],"wp:attachment":[{"href":"https:\/\/sp7pbc.pzk.pl\/index.php?rest_route=%2Fwp%2Fv2%2Fmedia&parent=163"}],"curies":[{"name":"wp","href":"https:\/\/api.w.org\/{rel}","templated":true}]}}