{"id":187,"date":"2023-03-02T07:21:38","date_gmt":"2023-03-02T06:21:38","guid":{"rendered":"https:\/\/sp7pbc.pzk.pl\/?page_id=187"},"modified":"2023-03-02T07:27:09","modified_gmt":"2023-03-02T06:27:09","slug":"historia-klubu","status":"publish","type":"page","link":"https:\/\/sp7pbc.pzk.pl\/?page_id=187","title":{"rendered":"Historia Klubu"},"content":{"rendered":"\n<p><strong>Skierniewicki Klub Kr\u00f3tkofalowc\u00f3w<\/strong>&nbsp;<strong>SP7PBC<\/strong>&nbsp;jest zarejestrowany w Polskim Zwi\u0105zku Kr\u00f3tkofalowc\u00f3w,&nbsp;a swoj\u0105 dzia\u0142alno\u015b\u0107 rozpocz\u0105\u0142 w 1962 roku. Znak SP7PBC zosta\u0142 przydzielony przez PIR w roku 1963 i od tego momentu SP7PBC pojawi\u0142 si\u0119 na falach eteru.<br>&nbsp;<\/p>\n\n\n\n<p>Najaktywniejszy okres dzia\u0142alno\u015bci klubu to lata 70&#8217;e. W tym okresie Mi\u0119dzynarodowa Unia&nbsp;Radioamatorska (IARU) w swoich biuletynach og\u0142osi\u0142a skierniewick\u0105 stacj\u0119 SP7PBC za najaktywniejsz\u0105 w Europie, a w latach 1972 i 1973 klub zaj\u0105\u0142 pierwsze miejsca w mi\u0119dzynarodowych zawodach&nbsp;organizowanych przez IARU. &nbsp;Pod koniec lat 80&#8217;ch&nbsp;klub nawi\u0105za\u0142 wsp\u00f3\u0142prac\u0119 z Obron\u0105 Cywiln\u0105, gdzie&nbsp;jego cz\u0142onkowie, jako operatorzy stacji, pracowali w sieci powiadamiania kryzysowego, a w ramach&nbsp;wsp\u00f3\u0142pracy z Lig\u0105 Obrony Kraju cz\u0142onkowie klubu prowadzili kurs nauki s\u0142u\u017cby ruch radio dla&nbsp;przedpoborowych, jako przysz\u0142ych telegrafist\u00f3w dla potrzeb wojska. W latach 90&#8217;ch klub uczestniczy\u0142&nbsp;w obchodach 550 rocznicy nadania praw miejskich dla miasta Skierniewice.&nbsp;<\/p>\n\n\n\n<p>Klub jest organizatorem corocznych&nbsp;og\u00f3lnokrajowych zawod\u00f3w \u0142\u0105czno\u015bci pod patronatem Prezydenta Miasta Skierniewice pt.&nbsp; \u201eNarodowe&nbsp;\u015awi\u0119to Niepodleg\u0142o\u015bci\u201d.<\/p>\n\n\n\n<ul><\/ul>\n","protected":false},"excerpt":{"rendered":"<p>Skierniewicki Klub Kr\u00f3tkofalowc\u00f3w&nbsp;SP7PBC&nbsp;jest zarejestrowany w Polskim Zwi\u0105zku Kr\u00f3tkofalowc\u00f3w,&nbsp;a swoj\u0105 dzia\u0142alno\u015b\u0107 rozpocz\u0105\u0142 w 1962 roku. Znak SP7PBC zosta\u0142 przydzielony przez PIR w roku 1963 i od tego momentu SP7PBC pojawi\u0142 si\u0119 na falach eteru.&nbsp; Najaktywniejszy okres dzia\u0142alno\u015bci klubu to lata 70&#8217;e. &hellip; <a href=\"https:\/\/sp7pbc.pzk.pl\/?page_id=187\">Czytaj dalej <span class=\"meta-nav\">&rarr;<\/span><\/a><\/p>\n","protected":false},"author":1,"featured_media":0,"parent":0,"menu_order":0,"comment_status":"closed","ping_status":"closed","template":"","meta":[],"_links":{"self":[{"href":"https:\/\/sp7pbc.pzk.pl\/index.php?rest_route=\/wp\/v2\/pages\/187"}],"collection":[{"href":"https:\/\/sp7pbc.pzk.pl\/index.php?rest_route=\/wp\/v2\/pages"}],"about":[{"href":"https:\/\/sp7pbc.pzk.pl\/index.php?rest_route=\/wp\/v2\/types\/page"}],"author":[{"embeddable":true,"href":"https:\/\/sp7pbc.pzk.pl\/index.php?rest_route=\/wp\/v2\/users\/1"}],"replies":[{"embeddable":true,"href":"https:\/\/sp7pbc.pzk.pl\/index.php?rest_route=%2Fwp%2Fv2%2Fcomments&post=187"}],"version-history":[{"count":3,"href":"https:\/\/sp7pbc.pzk.pl\/index.php?rest_route=\/wp\/v2\/pages\/187\/revisions"}],"predecessor-version":[{"id":195,"href":"https:\/\/sp7pbc.pzk.pl\/index.php?rest_route=\/wp\/v2\/pages\/187\/revisions\/195"}],"wp:attachment":[{"href":"https:\/\/sp7pbc.pzk.pl\/index.php?rest_route=%2Fwp%2Fv2%2Fmedia&parent=187"}],"curies":[{"name":"wp","href":"https:\/\/api.w.org\/{rel}","templated":true}]}}